est common factor of k and 16.
8
Let n be (-324)/(-90)*((-57)/(-2) + -1). What is the greatest common factor of 9 and n?
9
Suppose 1140 = 52*c + 5*c. Let o(d) = 80*d**2. Let u be o(1). Calculate the highest common factor of c and u.
20
Suppose -188 + 368 = 5*x. What is the greatest common factor of x and 372?
12
Let h = 94 + 41. Let l = h - 94. Suppose -5*a + 2*g = -17 - l, 5*a - 5*g - 55 = 0. Calculate the greatest common divisor of a and 48.
12
Suppose -3*q - q + 56 = 0. Let n = -2 + q. Suppose 0 = g - 113 + 5. Calculate the greatest common divisor of g and n.
12
Let m be (0 - -1)*(1 - 0). Let v be (m + -5)/((-11)/363). Suppose 5*j + u - 59 = 0, 3*u - 19 = -2*j - 2*u. Calculate the highest common divisor of j and v.
12
Let v be 5 - 4515/30*(-1 + -1). What is the greatest common divisor of 126 and v?
18
Suppose 5*b + 30*r = 35*r + 55, -2*b + 13 = r. Calculate the greatest common divisor of b and 404.
4
Let u = -4 + 1. Let j(q) = 2*q**2 + 4*q + 9. Let m be j(u). What is the greatest common factor of 15 and m?
15
Suppose 4*v - 4*b - 58 = 2*v, -133 = -5*v + 4*b. Calculate the highest common divisor of v and 1675.
25
Let q(p) = p**3 + 25*p**2 + 26*p + 33. Let o be q(-24). Let z(g) = -g**3 - 14*g**2 + 15*g + 14. Let l be z(o). What is the highest common factor of l and 42?
14
Let s be (-1 + 4)*(-21)/(-7). Calculate the greatest common divisor of 108 and s.
9
Suppose 5*f = 2*f - 9. Let x be 0 - (1 + f) - -13. Suppose 32 = 5*p + h, 3*h - 8 = -p + 2*h. Calculate the highest common divisor of x and p.
3
Let s(n) = n**2 + 3*n - 6. Let g be s(-6). Let f be (-70)/(-9) - (140/63)/(-10). Suppose -463 = -f*y + 593. What is the highest common factor of g and y?
12
Let b be (-9 + 10)*408/2. Suppose 2*c + 4*d - 4 - 24 = 0, 3*c + d = 37. What is the greatest common divisor of b and c?
12
Suppose -6*h = -h + 70. Suppose 1210*x = 1195*x + 90. Let g = x - h. What is the greatest common factor of 5 and g?
5
Suppose 3*p - 11 = 2*p. Let a = 15 - 8. Suppose p = 3*f - a. Calculate the highest common divisor of f and 6.
6
Let t = 14 + -4. Suppose 0 = -11*f + 24 - 90. Let w be (280/3)/(-7)*f/4. What is the greatest common divisor of t and w?
10
Let g = 23 - -61. What is the greatest common divisor of 6 and g?
6
Let q be 0 - (1 + -91 + -1). Let z(r) = -r**3 - 11*r**2 - 9*r - 86. Let l be z(-11). Calculate the highest common factor of q and l.
13
Let c(g) = -g**3 - 15*g**2 - 28*g - 18. Let l be c(-13). Calculate the greatest common divisor of 104 and l.
8
Suppose 3 - 5 = -v. Suppose 0*l + v = -l - 3*a, -3*a = 12. Suppose -5*i + 4*h = -117, 4*i = -0*i - 5*h + 110. Calculate the greatest common factor of i and l.
5
Suppose b = -190 + 194. Suppose -r - 3*j + 77 = 0, -77 = -2*r + b*j + 77. Let m = -9 - -20. Calculate the highest common divisor of m and r.
11
Let i(b) = -4*b**3 + b**2 + b. Let u be i(-1). Suppose -3*y - 2*v - 11 = -4*y, -21 = -y + u*v. Let g = 7 - y. What is the highest common divisor of g and 54?
6
Let j be (315/(-6) - -2)*-2. Suppose j + 25 = 3*o. What is the highest common divisor of 210 and o?
42
Suppose 3*a + 20 = 5*a. What is the greatest common divisor of 10 and a?
10
Let a = 31 - -18. Suppose -45*m = -a*m + 60. Calculate the highest common divisor of m and 10.
5
Suppose -1 + 3 = b, -3*a = -4*b + 38. Let r(c) = 2*c**2 - 6*c + 4. Let s be r(a). Calculate the highest common factor of 24 and s.
24
Suppose -2*u - 2*w = -1358, 0 = -4*u + 2*w - 0*w + 2746. What is the highest common factor of u and 36?
36
Suppose 0 = 4*b - 5*p + 977, 5*p - 151 = -5*b - 1316. Let f be 2/6 + b/(-6). Calculate the greatest common divisor of f and 10.
10
Let s be (-1)/(-6) + (-1 - (-826)/12). What is the greatest common divisor of s and 34?
34
Let a(j) = 9 + 36*j - 19 + 14. Let b be a(3). Let r(i) = i**2 - 13*i + 16. Let q be r(13). What is the greatest common factor of q and b?
16
Let n(u) = u**2 + 6*u - 4. Let f = -13 + 12. Let z(k) = 10*k + 2. Let h be z(f). Let v be n(h). What is the greatest common divisor of v and 60?
12
Let x(k) = -k + 11. Let o be x(3). Suppose -o*m + 107 + 109 = 0. What is the highest common factor of m and 18?
9
Suppose 7*z = 55 + 22. Suppose r + r - 44 = 0. What is the highest common divisor of r and z?
11
Let l = -3 + 3. Let p be -2 + 32 - (-5)/(-15)*l. What is the highest common divisor of 240 and p?
30
Let t = -268 - -275. What is the highest common factor of t and 224?
7
Let k(p) = 35*p**2 - 5*p + 3. Let h be k(5). Suppose -18*x + h + 83 = 0. Calculate the highest common factor of 4 and x.
4
Let q be (1/(-2))/((-2)/328). Let h = q + -58. Suppose -3*s - 25 = -2*k, 5*k - 34 + 3 = -3*s. Calculate the greatest common divisor of h and k.
8
Let w be 165/30*(-20)/(-11). What is the highest common factor of w and 2110?
10
Let f be ((-36)/(-16))/((-3)/(-28)). Suppose 4*j - 2*s - 924 = 3*j, -2*s - 1848 = -2*j. Suppose j = -d + 5*d. Calculate the highest common factor of d and f.
21
Suppose 3*h - 6327 = -4*u, 4*u + 6327 = 2*h + h. What is the highest common divisor of h and 111?
111
Let d(g) be the first derivative of -g**4/4 + 5*g**3 + 17*g**2/2 + 14*g - 7. Let v be d(16). Calculate the highest common divisor of v and 20.
10
Let o = 23 - 10. Let n(j) = -j**3 + 14*j**2 - 12*j - 5. Let k be n(o). What is the highest common divisor of 40 and k?
8
Let q be -88*(9/(-2) + 3). Let f = 37 + -31. Suppose 8*g = f*g + 24. Calculate the highest common divisor of g and q.
12
Let s(b) = -8*b**3 + 4*b**2 + 8*b + 14. Let p be s(-2). Calculate the highest common factor of p and 156.
78
Suppose -24*f + 23*f + 28 = 0. What is the greatest common divisor of f and 238?
14
Let p(q) = 2*q**2 - 4*q + 3. Let a be p(3). Let r be (1 + 12/a)*3. Let z = 35 + -21. What is the greatest common factor of z and r?
7
Suppose -8*q + 21 - 14 = -33. Let d(h) = -3*h + 2. Let x be d(-6). What is the highest common factor of x and q?
5
Let f = 378 + -294. Let x be 10*4/4 + 2. Calculate the highest common factor of f and x.
12
Let w(i) = i**3 + 40*i**2 - 44*i + 37. Let q be w(-41). Calculate the highest common factor of 5 and q.
5
Let k be (4/8)/(2/8). Let t = 16 + -11. Suppose t*x + 3 = 13. Calculate the highest common divisor of k and x.
2
Suppose 14*q - 2 = 13*q. Suppose 4*l - 378 = q*l. Let c be 1/(-1) - 88/(-4). Calculate the highest common factor of c and l.
21
Let t(z) = z**3 - 6*z**2 + 6*z + 3. Let r be t(6). Let x = -24 + r. What is the highest common factor of x and 6?
3
Suppose 1 = 3*b - 8. Suppose -2 = b*t - t. Let i be 2/(-2) + t + 24. Calculate the highest common divisor of i and 2.
2
Let v = 32 - 69. Let g = v - -39. What is the highest common divisor of g and 14?
2
Let x(a) = -3*a - 9. Let p be x(-7). Let h be 3*-1 + 33/3. Calculate the greatest common factor of p and h.
4
Let l(u) = 9*u - 18. Let d be l(7). Let h = d + -23. Calculate the greatest common factor of 154 and h.
22
Let k(v) = 94*v - 541. Let t be k(6). What is the greatest common factor of t and 3?
1
Suppose -4*s - 10 = -550. Let f = -63 + 63. Suppose 8*k - 3*k - s = f. What is the highest common factor of 9 and k?
9
Suppose 48 = 740*a - 737*a. Calculate the greatest common divisor of 688 and a.
16
Suppose -408 = -9*h - 93. Calculate the greatest common factor of h and 280.
35
Suppose -y + 43 = 4*v, v - y - 4 = 3. What is the greatest common divisor of v and 20?
10
Suppose -6*j + 3*j + 330 = 0. Let x be (-45 - -48) + (-5 - 14)/((-3)/3). Calculate the highest common divisor of j and x.
22
Let t = -84 - -84. Let k be 2*52 + t + 1. What is the greatest common factor of k and 21?
21
Let n(p) = p**3 + 2*p**2 + p + 4. Let v be n(4). Let q be -26*(-2)/(-8)*-2. Calculate the greatest common factor of v and q.
13
Suppose f + 15 = 4*t, -18 = -2*t - 2*t + 2*f. Suppose -3*j + 21 = -t. Let s be ((-950 - 10)/10)/((-9)/6). Calculate the highest common factor of s and j.
8
Suppose 5*n - 2*n = o - 20, -5*o - 3*n = -172. What is the greatest common factor of o and 864?
32
Let u(k) = 5*k**2 + 159*k - 102. Let s be u(-33). Suppose 4*m - 18 = -5*j, 2*j - m = 4*j - 9. Calculate the greatest common divisor of s and j.
6
Suppose 5 + 9 = 3*b + 4*c, 5*b + 3*c = 16. Suppose 4*r + 4*s = 5*r - 18, b = -r - s. Let l = -14 + 16. Calculate the greatest common factor of r and l.
2
Suppose 0 = 36*a + 9*a - 11340. What is the greatest common divisor o